{"id":167,"date":"2010-09-28T07:39:06","date_gmt":"2010-08-29T18:18:06","guid":{"rendered":"http:\/\/www.dataprivacy.hu"},"modified":"2020-10-26T08:13:37","modified_gmt":"2020-10-26T07:13:37","slug":"about-us","status":"publish","type":"page","link":"https:\/\/www.dataprivacy.hu\/?page_id=167","title":{"rendered":"About Us"},"content":{"rendered":"<hr>\n<p style=\"text-align: justify;\"><strong>DataPrivacy.hu<\/strong> is a thematic weblog dedicated to the development of privacy and data protection in the Hungarian jurisdiction.<\/p>\n<p style=\"text-align: justify;\"><strong>The Editors<\/strong><\/p>\n<p><span lang=\"EN-GB\"><a href=\"http:\/\/www.linkedin.com\/in\/adam-liber\">Dr. \u00c1d\u00e1m Liber, LLM<\/a>, FIP, CIPP\/E, CIPM is a senior Intellectual Property and Privacy Lawyer admitted to the Budapest Bar. He advised dozens of multinational clients on issues relating to international data transfers, outsourcing, direct marketing, employee monitoring, CCTV, DPA investigations, set-up of internal-whistleblowing schemes and compliance programs. Dr. Liber received his legal education at the Law Faculty of E\u00f6tv\u00f6s Lor\u00e1nd University in Budapest, as well as in part-time studies at the University of Leipzig in Germany; he completed his postgraduate (US LLM) legal studies at Suffolk University Law School (Boston, Massachusetts). Dr. Liber is a certified intellectual property expert (HIPO) and holds a Postgraduate Diploma in Competition Law from P\u00e1zm\u00e1ny P\u00e9ter Catholic University in Budapest. He currently serves as a General Secretary for the Hungarian Competition Law Association. He is fluent in English and German.<br \/>\n<\/span><\/p>\n<p><a href=\"https:\/\/hu.linkedin.com\/pub\/tamas-bereczki\/39\/847\/139\">Dr. Tam\u00e1s Bereczki, CISM, CRISC, CIPP\/E<\/a> is a privacy lawyer admitted to the Budapest Bar. Tam\u00e1s has a unique&nbsp; legal, information security, data protection and IT risk management expertise. He graduated at the Law Faculty of E\u00f6tv\u00f6s Lor\u00e1nd University and after passing his bar exams he received his Bsc. in Computer Sciences and Engineering at the John Von Neumann Faculty of Informatics of University of \u00d3buda. He holds Isaca and IAPP professional certifications in information security, data protection and privacy. He is fluent in English.<\/p>\n","protected":false},"excerpt":{"rendered":"<p>DataPrivacy.hu is a thematic weblog dedicated to the development of privacy and data protection in the Hungarian jurisdiction. The Editors Dr. \u00c1d\u00e1m Liber, LLM, FIP, CIPP\/E, CIPM is a senior Intellectual Property and Privacy Lawyer admitted to the Budapest Bar. He advised dozens of multinational clients on issues relating to international data transfers, outsourcing, direct [&hellip;]<\/p>\n","protected":false},"author":2,"featured_media":0,"parent":0,"menu_order":1,"comment_status":"closed","ping_status":"closed","template":"","meta":[],"_links":{"self":[{"href":"https:\/\/www.dataprivacy.hu\/index.php?rest_route=\/wp\/v2\/pages\/167"}],"collection":[{"href":"https:\/\/www.dataprivacy.hu\/index.php?rest_route=\/wp\/v2\/pages"}],"about":[{"href":"https:\/\/www.dataprivacy.hu\/index.php?rest_route=\/wp\/v2\/types\/page"}],"author":[{"embeddable":true,"href":"https:\/\/www.dataprivacy.hu\/index.php?rest_route=\/wp\/v2\/users\/2"}],"replies":[{"embeddable":true,"href":"https:\/\/www.dataprivacy.hu\/index.php?rest_route=%2Fwp%2Fv2%2Fcomments&post=167"}],"version-history":[{"count":109,"href":"https:\/\/www.dataprivacy.hu\/index.php?rest_route=\/wp\/v2\/pages\/167\/revisions"}],"predecessor-version":[{"id":1869,"href":"https:\/\/www.dataprivacy.hu\/index.php?rest_route=\/wp\/v2\/pages\/167\/revisions\/1869"}],"wp:attachment":[{"href":"https:\/\/www.dataprivacy.hu\/index.php?rest_route=%2Fwp%2Fv2%2Fmedia&parent=167"}],"curies":[{"name":"wp","href":"https:\/\/api.w.org\/{rel}","templated":true}]}}